{"id":2135,"date":"2018-05-29T21:30:41","date_gmt":"2018-05-29T19:30:41","guid":{"rendered":"http:\/\/www.dubaci.cz\/?page_id=2135"},"modified":"2019-08-03T22:48:30","modified_gmt":"2019-08-03T20:48:30","slug":"svaty-jakub","status":"publish","type":"page","link":"https:\/\/www.dubaci.cz\/index.php\/svaty-jakub\/","title":{"rendered":"Nov\u00fd sv. Jakub do Leta\u0159ovic"},"content":{"rendered":"<div class='row'><div style='padding-bottom:20px;' class='span12 first-module module_number_1 module_cont  module_text_area'>\n                <div class='module_content'>\n                    <p><img loading=\"lazy\" decoding=\"async\" src=\"\/wp-content\/uploads\/2019\/08\/2019-Jakub-09.jpg\" alt=\"Socha sv. Jakuba V\u011bt&scaron;&iacute;ho v Leta\u0159ovic&iacute;ch\" width=\"3000\" height=\"2250\" \/><\/p>\n                <\/div><\/div><!-- .module_cont --><\/div><div class='row'><div style='padding-bottom:12px;' class='span12  module_number_2 module_cont  module_text_area'>\n                <div class='module_content'>\n                    <h3>Sv. Jakub je zp\u011bt na sv&eacute;m m&iacute;st\u011b ve v&yacute;klenku!<\/h3>\r\n<p>Kostel&iacute;k sv. Jakuba V\u011bt&scaron;&iacute;ho v Leta\u0159ovic&iacute;ch pro&scaron;el n\u011bkolikaletou n&aacute;ro\u010dnou obnovou fas&aacute;dy, kter&aacute; mu vr&aacute;tila p\u016fvodn&iacute; barokn&iacute; barevnost. Tuto obnovu se n&aacute;m poda\u0159ilo dovr&scaron;it osazen&iacute;m nov&eacute; sochy sv. Jakuba do niky nad vstupem. Ta p\u016fvodn&iacute; z roku 1733 je po stalet&iacute;ch p\u016fsoben&iacute; pov\u011btrnosti do\u017eil&aacute;, a tak dostala sv&eacute; m&iacute;sto v interi&eacute;ru, kde d&aacute;le nedegraduje.<\/p>\n                <\/div><\/div><!-- .module_cont --><\/div><div class='row'><div style='padding-bottom:10px;' class='span12  module_number_3 module_cont  module_gallery'><div class='dm_lightbox_only list-of-images images_in_a_row_3'>\n                        <div class=\"gallery_item\">\n\t\t\t\t\t\t\t<div class=\"gallery_item_padding\">\n\t\t\t\t\t\t\t\t<div class=\"gallery_item_wrapper\"><a class=\"dm_link\" id=\"dm_image1\" data-count=\"1\" data-width=\"2048\" data-height=\"1365\" data-ratio=\"1.50036630037\" data-thmb=\"https:\/\/www.dubaci.cz\/wp-content\/uploads\/2018\/05\/vitek-104x104.jpg\" data-type=\"image\" href=\"https:\/\/www.dubaci.cz\/wp-content\/uploads\/2018\/05\/vitek.jpg\" title=\"\"><div class=\"img_block\"><img decoding=\"async\" class=\"img2preload\" data-title = \"\" data-caption = \"\"  data-title-color = \"\" data-caption-color = \"\"  data-img=\"https:\/\/www.dubaci.cz\/wp-content\/uploads\/2018\/05\/vitek.jpg\" src=\"https:\/\/www.dubaci.cz\/wp-content\/uploads\/2018\/05\/vitek-570x570.jpg\" alt=\"\" \/>\n\t\t\t\t\t\t\t\t\t\t\t<div class=\"gallery_fadder\"><\/div>\n\t\t\t\t\t\t\t\t\t\t\t<span class=\"plus_icon\"><\/span><\/div>\n\t\t\t\t\t\t\t\t\t<\/a>\n\t\t\t\t\t\t\t\t<\/div>\n\t\t\t\t\t\t\t<\/div>\n                        <\/div>\n                        \n                        <div class=\"gallery_item\">\n\t\t\t\t\t\t\t<div class=\"gallery_item_padding\">\n\t\t\t\t\t\t\t\t<div class=\"gallery_item_wrapper\"><a class=\"dm_link\" id=\"dm_image2\" data-count=\"2\" data-width=\"1713\" data-height=\"1962\" data-ratio=\"0.873088685015\" data-thmb=\"https:\/\/www.dubaci.cz\/wp-content\/uploads\/2018\/05\/vstup-104x104.jpg\" data-type=\"image\" href=\"https:\/\/www.dubaci.cz\/wp-content\/uploads\/2018\/05\/vstup.jpg\" title=\"\"><div class=\"img_block\"><img decoding=\"async\" class=\"img2preload\" data-title = \"\" data-caption = \"\"  data-title-color = \"\" data-caption-color = \"\"  data-img=\"https:\/\/www.dubaci.cz\/wp-content\/uploads\/2018\/05\/vstup.jpg\" src=\"https:\/\/www.dubaci.cz\/wp-content\/uploads\/2018\/05\/vstup-570x570.jpg\" alt=\"\" \/>\n\t\t\t\t\t\t\t\t\t\t\t<div class=\"gallery_fadder\"><\/div>\n\t\t\t\t\t\t\t\t\t\t\t<span class=\"plus_icon\"><\/span><\/div>\n\t\t\t\t\t\t\t\t\t<\/a>\n\t\t\t\t\t\t\t\t<\/div>\n\t\t\t\t\t\t\t<\/div>\n                        <\/div>\n                        \n                        <div class=\"gallery_item\">\n\t\t\t\t\t\t\t<div class=\"gallery_item_padding\">\n\t\t\t\t\t\t\t\t<div class=\"gallery_item_wrapper\"><a class=\"dm_link\" id=\"dm_image3\" data-count=\"3\" data-width=\"1224\" data-height=\"1847\" data-ratio=\"0.662696264212\" data-thmb=\"https:\/\/www.dubaci.cz\/wp-content\/uploads\/2018\/05\/detail-104x104.jpg\" data-type=\"image\" href=\"https:\/\/www.dubaci.cz\/wp-content\/uploads\/2018\/05\/detail.jpg\" title=\"\"><div class=\"img_block\"><img decoding=\"async\" class=\"img2preload\" data-title = \"\" data-caption = \"\"  data-title-color = \"\" data-caption-color = \"\"  data-img=\"https:\/\/www.dubaci.cz\/wp-content\/uploads\/2018\/05\/detail.jpg\" src=\"https:\/\/www.dubaci.cz\/wp-content\/uploads\/2018\/05\/detail-570x570.jpg\" alt=\"\" \/>\n\t\t\t\t\t\t\t\t\t\t\t<div class=\"gallery_fadder\"><\/div>\n\t\t\t\t\t\t\t\t\t\t\t<span class=\"plus_icon\"><\/span><\/div>\n\t\t\t\t\t\t\t\t\t<\/a>\n\t\t\t\t\t\t\t\t<\/div>\n\t\t\t\t\t\t\t<\/div>\n                        <\/div>\n                        \n            <div class='clear'><\/div>\n            <\/div>\n            <\/div><!-- .module_cont --><\/div><div class='row'><div style='padding-bottom:10px;' class='span4  module_number_4 module_cont  module_text_area'>\n                <div class='module_content'>\n                    <h6><em>&Scaron;ikovn&yacute; leta\u0159ovsk&yacute; \u0159ezb&aacute;\u0159 V&iacute;tek Sochor u\u017e &bdquo;star&eacute;mu\" Jakubovi bere m&iacute;ry.<\/em><\/h6>\n                <\/div><\/div><!-- .module_cont --><div style='padding-bottom:10px;' class='span4  module_number_5 module_cont  module_text_area'>\n                <div class='module_content'>\n                    <h6><em>Socha svat&eacute;ho Jakuba v&iacute;tala po stalet&iacute; poutn&iacute;ky p\u0159i vchodu do kostela.<\/em><\/h6>\n                <\/div><\/div><!-- .module_cont --><div style='padding-bottom:10px;' class='span4  module_number_6 module_cont  module_text_area'>\n                <div class='module_content'>\n                    <h6><em>Detail sochy z v&aacute;le\u010dn&eacute;ho roku 1942. Na&scaron;t\u011bst&iacute; jej socha i zvon nakonec p\u0159e\u017eily.<\/em><\/h6>\n                <\/div><\/div><!-- .module_cont --><\/div><div class='row'><div style='padding-bottom:20px;' class='span12  module_number_7 module_cont  module_text_area'>\n                <div class='module_content'>\n                    <p>Dohodli jsme se s farnost&iacute; \u010cesk&yacute; Dub a obc&iacute; B&iacute;l&aacute;, \u017ee se pokus&iacute;me z&iacute;skat prost\u0159edky na zhotoven&iacute; repliky. Od leta\u0159ovick&eacute;ho \u0159ezb&aacute;\u0159e V&iacute;tka Sochora jsme dostali velmi p\u0159&aacute;telskou patriotskou cenovou nab&iacute;dku &ndash; 60.000 K\u010d (b\u011b\u017en\u011b se takto velk&eacute; sochy vyr&aacute;b\u011bj&iacute; za 150.000 K\u010d a v&iacute;ce).<\/p>\r\n<p><img decoding=\"async\" src=\"\/wp-content\/uploads\/2018\/09\/jakub.jpg\" \/><\/p>\r\n<p><span class=\"\">O svatojakubsk&eacute; pouti 2018 po\u017eehnal je&scaron;t\u011b nedokon\u010denou sochu litom\u011b\u0159ick&yacute; biskup Mons. Jan Baxant. Repliku se d&iacute;ky v&aacute;m v&scaron;em poda\u0159ilo dokon\u010dit je&scaron;t\u011b na podzim t&eacute;ho\u017e roku. V \u010dervnu 2019 provedl restaur&aacute;tor a akademick&yacute; mal&iacute;\u0159 MgA. Jakub K&aacute;ndl barevn&eacute; &uacute;pravy v&yacute;klenku ve v\u011b\u017ei kostela. Na z&aacute;klad\u011b restaur&aacute;torsk&eacute;ho pr\u016fzkumu byly domalov&aacute;ny i p\u016fvodn&iacute; hv\u011bzdy. Socha byla do v&yacute;klenku fin&aacute;ln\u011b osazena 21. \u010dervna 2019. A my tak m\u016f\u017eeme za\u010d&iacute;t dal&scaron;&iacute; etapu v \u017eivot\u011b a obnov\u011b kostela.<\/span><\/p>\r\n<p><span class=\"\">Mil&iacute; d&aacute;rci, moc v&aacute;m d\u011bkujeme! Bez v&aacute;s by to ne&scaron;lo.<\/span><\/p>\n                <\/div><\/div><!-- .module_cont --><\/div><div class='row'><div style='padding-bottom:10px;' class='span12  module_number_8 module_cont  module_divider'><hr class=\" \"><\/div><!-- .module_cont --><\/div><div class='row'><div style='padding-bottom:20px;' class='span3  module_number_9 module_cont  module_counter'>\t\t\n\t\t\t<div class='module_content shortcode_counter'>\n\t\t\t\t<div class='counter_wrapper'>\n\t\t\t\t\t<div class='counter_content'>\n\t\t\t\t\t\t<div class='stat_count_wrapper'>\t\t\t\t\t\t\n\t\t\t\t\t\t\t<h3 class='stat_count' data-count='86294'>0<\/h3>\n\t\t\t\t\t\t<\/div>\n\t\t\t\t\t\t<div class='counter_body'>\n\t\t\t\t\t\t\t<h6 class='counter_title'>K\u010d<\/h6>\n\t\t\t\t\t\t\t<div class='counter_text'>je aktu\u00e1ln\u00ed stav z\u00edskan\u00fdch prost\u0159edk\u016f<\/div>\n\t\t\t\t\t\t\t<div class='stat_temp'><\/div>\n\t\t\t\t\t\t<\/div>\n\t\t\t\t\t<\/div>\n\t\t\t\t<\/div>\n\t\t\t<\/div>\n\t\t\t<\/div><!-- .module_cont --><div style='padding-bottom:35px;' class='span3  module_number_10 module_cont  module_counter'>\t\t\n\t\t\t<div class='module_content shortcode_counter'>\n\t\t\t\t<div class='counter_wrapper'>\n\t\t\t\t\t<div class='counter_content'>\n\t\t\t\t\t\t<div class='stat_count_wrapper'>\t\t\t\t\t\t\n\t\t\t\t\t\t\t<h3 class='stat_count' data-count='85000'>0<\/h3>\n\t\t\t\t\t\t<\/div>\n\t\t\t\t\t\t<div class='counter_body'>\n\t\t\t\t\t\t\t<h6 class='counter_title'>K\u010d<\/h6>\n\t\t\t\t\t\t\t<div class='counter_text'>je rozpo\u010det na zhotoven\u00ed a osazen\u00ed (replika sochy 60000, \u00faprava v\u00fdklenku 21000, propagace 4000).<\/div>\n\t\t\t\t\t\t\t<div class='stat_temp'><\/div>\n\t\t\t\t\t\t<\/div>\n\t\t\t\t\t<\/div>\n\t\t\t\t<\/div>\n\t\t\t<\/div>\n\t\t\t<\/div><!-- .module_cont --><div style='padding-bottom:35px;' class='span3  module_number_11 module_cont  module_counter'>\t\t\n\t\t\t<div class='module_content shortcode_counter'>\n\t\t\t\t<div class='counter_wrapper'>\n\t\t\t\t\t<div class='counter_content'>\n\t\t\t\t\t\t<div class='stat_count_wrapper'>\t\t\t\t\t\t\n\t\t\t\t\t\t\t<h3 class='stat_count' data-count='1722'>0<\/h3>\n\t\t\t\t\t\t<\/div>\n\t\t\t\t\t\t<div class='counter_body'>\n\t\t\t\t\t\t\t<h6 class='counter_title'>je rok<\/h6>\n\t\t\t\t\t\t\t<div class='counter_text'>ze kter\u00e9ho poch\u00e1z\u00ed malovan\u00fd strop v kostel\u00edku. V\u010detn\u011b vyobrazen\u00ed p\u016fvodn\u00ed \u010derveno-b\u00edl\u00e9 barokn\u00ed fas\u00e1dy.<\/div>\n\t\t\t\t\t\t\t<div class='stat_temp'><\/div>\n\t\t\t\t\t\t<\/div>\n\t\t\t\t\t<\/div>\n\t\t\t\t<\/div>\n\t\t\t<\/div>\n\t\t\t<\/div><!-- .module_cont --><div style='padding-bottom:15px;' class='span3  module_number_12 module_cont  module_counter'>\t\t\n\t\t\t<div class='module_content shortcode_counter'>\n\t\t\t\t<div class='counter_wrapper'>\n\t\t\t\t\t<div class='counter_content'>\n\t\t\t\t\t\t<div class='stat_count_wrapper'>\t\t\t\t\t\t\n\t\t\t\t\t\t\t<h3 class='stat_count' data-count='1733'>0<\/h3>\n\t\t\t\t\t\t<\/div>\n\t\t\t\t\t\t<div class='counter_body'>\n\t\t\t\t\t\t\t<h6 class='counter_title'>je rok<\/h6>\n\t\t\t\t\t\t\t<div class='counter_text'>kdy byla postavena v\u011b\u017e se sochou sv Jakuba.<\/div>\n\t\t\t\t\t\t\t<div class='stat_temp'><\/div>\n\t\t\t\t\t\t<\/div>\n\t\t\t\t\t<\/div>\n\t\t\t\t<\/div>\n\t\t\t<\/div>\n\t\t\t<\/div><!-- .module_cont --><\/div><div class='row'><div style='padding-bottom:15px;' class='span12  module_number_13 module_cont  module_divider'><hr class=\" \"><\/div><!-- .module_cont --><\/div><div class='row'><div style='padding-bottom:35px;' class='span12  module_number_14 module_cont  module_text_area'><div class='bg_title'><h3 style='' class='headInModule'>Seznam d\u00e1rc\u016f<\/h3><\/div>\n                <div class='module_content'>\n                    <p>Beran\u016fv pivovar, s.r.o., Tr&aacute;vn&iacute;\u010dek &ndash; 1.733 K\u010d<\/p>\r\n<p>Petr Pivo\u0148ka &ndash; 267 K\u010d<\/p>\r\n<p>Dary na koncertu Clarinet Factory &ndash; 1.470 K\u010d<\/p>\r\n<p>Dary na Pouti mezi dv\u011bma J&aacute;ny &ndash; 3.800 K\u010d<\/p>\r\n<p>Veronika &Scaron;rytrov&aacute;, Kav&aacute;rna u V&iacute;ta, Ose\u010dn&aacute; &ndash; 500 K\u010d<\/p>\r\n<p>Alena Pivo\u0148kov&aacute; &ndash; 2.000 K\u010d<\/p>\r\n<p>Jan Mach &ndash; 200 K\u010d<\/p>\r\n<p>V&iacute;tek Hofhanzl &ndash; 500 K\u010d<\/p>\r\n<p>David Perutka &ndash; 5.000 K\u010d<\/p>\r\n<p>Pavel a Helena Trep&aacute;kovi &ndash; 1.000 K\u010d<\/p>\r\n<p>Petr Linka &ndash; 1.000 K\u010d<\/p>\r\n<p>man\u017eel&eacute; Ti&scaron;&iacute; &ndash; 200 K\u010d<\/p>\r\n<p>Petr Ma&scaron;t&aacute;lko &ndash; 5.000 K\u010d<\/p>\r\n<p>Pavel Fiala&nbsp;&ndash;&nbsp;500 K\u010d<\/p>\r\n<p>Ing. Vojt\u011bch Mencl &ndash; 1.000 K\u010d<\/p>\r\n<p>Pi\u017elovi &ndash; 2.000 K\u010d<\/p>\r\n<p>Zemanovi &ndash; 5.000 K\u010d<\/p>\r\n<p>Jakub a Pavla Vedralovi &ndash; 5.000 K\u010d<\/p>\r\n<p>Jaroslav Linka &ndash; 200 K\u010d<\/p>\r\n<p>Jana Weberov&aacute; &ndash; 500 K\u010d<\/p>\r\n<p>Obec B&iacute;l&aacute; &ndash; 20.000 K\u010d<\/p>\r\n<p>Jarom&iacute;r \u010cerva &ndash; 200 K\u010d<\/p>\r\n<p>Dary na Svatojakubsk&eacute; pouti v Leta\u0159ovic&iacute;ch &ndash; 3.600 K\u010d<\/p>\r\n<p>Jana Bobkov&aacute; &ndash; 100 K\u010d<\/p>\r\n<p>Alena Vlkov&aacute; &ndash; 200 K\u010d<\/p>\r\n<p>Eva a Vlastislav Opravilovi &ndash; 500 K\u010d<\/p>\r\n<p>Jan Kudrna &ndash; 300 K\u010d<\/p>\r\n<p>man\u017eel&eacute; Kube\u010dkovi &ndash; 200 K\u010d<\/p>\r\n<p>Ji\u0159&iacute; Jel&iacute;nek &ndash; 200 K\u010d<\/p>\r\n<p>Sbor Radost &ndash; 2.624 K\u010d<\/p>\r\n<p>man\u017eel&eacute; Havelkovi &ndash; 1.500 K\u010d<\/p>\r\n<p>Institut politick&yacute;ch v\u011bd v Pa\u0159&iacute;\u017ei &ndash; 10.000 K\u010d<\/p>\r\n<p>Ing. Ji\u0159&iacute; Rozkovec &ndash; 10.000 K\u010d<\/p>\n                <\/div><\/div><!-- .module_cont --><\/div>","protected":false},"excerpt":{"rendered":"<p>Sv. Jakub je zp\u011bt na sv&eacute;m m&iacute;st\u011b ve v&yacute;klenku! Kostel&iacute;k sv. Jakuba V\u011bt&scaron;&iacute;ho v Leta\u0159ovic&iacute;ch pro&scaron;el n\u011bkolikaletou n&aacute;ro\u010dnou obnovou fas&aacute;dy, kter&aacute; mu vr&aacute;tila p\u016fvodn&iacute; barokn&iacute; barevnost. Tuto obnovu se n&aacute;m poda\u0159ilo dovr&scaron;it osazen&iacute;m nov&eacute; sochy sv. Jakuba do niky nad vstupem. Ta p\u016fvodn&iacute; z roku 1733 je po stalet&iacute;ch p\u016fsoben&iacute; pov\u011btrnosti do\u017eil&aacute;, a tak dostala sv&eacute; m&iacute;sto v interi&eacute;ru, kde d&aacute;le nedegraduje. &Scaron;ikovn&yacute; leta\u0159ovsk&yacute; \u0159ezb&aacute;\u0159 V&iacute;tek Sochor u\u017e &bdquo;star&eacute;mu&#8220; Jakubovi bere m&iacute;ry. Socha svat&eacute;ho Jakuba v&iacute;tala po stalet&iacute; poutn&iacute;ky p\u0159i vchodu do kostela. Detail sochy z v&aacute;le\u010dn&eacute;ho roku 1942. Na&scaron;t\u011bst&iacute; jej socha i zvon nakonec p\u0159e\u017eily. Dohodli jsme se s farnost&iacute; \u010cesk&yacute; Dub a obc&iacute; B&iacute;l&aacute;, \u017ee se pokus&iacute;me z&iacute;skat prost\u0159edky na zhotoven&iacute; repliky. Od leta\u0159ovick&eacute;ho \u0159ezb&aacute;\u0159e V&iacute;tka Sochora jsme dostali velmi p\u0159&aacute;telskou patriotskou cenovou nab&iacute;dku &ndash; 60.000 K\u010d (b\u011b\u017en\u011b se takto velk&eacute; sochy vyr&aacute;b\u011bj&iacute; za 150.000 K\u010d a v&iacute;ce). O svatojakubsk&eacute; pouti 2018 po\u017eehnal je&scaron;t\u011b nedokon\u010denou sochu litom\u011b\u0159ick&yacute; biskup Mons. Jan Baxant. Repliku se d&iacute;ky v&aacute;m v&scaron;em poda\u0159ilo dokon\u010dit je&scaron;t\u011b na podzim t&eacute;ho\u017e roku. V \u010dervnu 2019 provedl restaur&aacute;tor a akademick&yacute; mal&iacute;\u0159 MgA. Jakub K&aacute;ndl barevn&eacute; &uacute;pravy v&yacute;klenku ve v\u011b\u017ei kostela. Na z&aacute;klad\u011b restaur&aacute;torsk&eacute;ho pr\u016fzkumu byly domalov&aacute;ny i p\u016fvodn&iacute; hv\u011bzdy. Socha byla do v&yacute;klenku fin&aacute;ln\u011b osazena 21. \u010dervna 2019. [&hellip;]<\/p>\n","protected":false},"author":2,"featured_media":0,"parent":0,"menu_order":0,"comment_status":"closed","ping_status":"closed","template":"","meta":{"footnotes":""},"class_list":["post-2135","page","type-page","status-publish","hentry"],"_links":{"self":[{"href":"https:\/\/www.dubaci.cz\/index.php\/wp-json\/wp\/v2\/pages\/2135","targetHints":{"allow":["GET"]}}],"collection":[{"href":"https:\/\/www.dubaci.cz\/index.php\/wp-json\/wp\/v2\/pages"}],"about":[{"href":"https:\/\/www.dubaci.cz\/index.php\/wp-json\/wp\/v2\/types\/page"}],"author":[{"embeddable":true,"href":"https:\/\/www.dubaci.cz\/index.php\/wp-json\/wp\/v2\/users\/2"}],"replies":[{"embeddable":true,"href":"https:\/\/www.dubaci.cz\/index.php\/wp-json\/wp\/v2\/comments?post=2135"}],"version-history":[{"count":4,"href":"https:\/\/www.dubaci.cz\/index.php\/wp-json\/wp\/v2\/pages\/2135\/revisions"}],"predecessor-version":[{"id":3214,"href":"https:\/\/www.dubaci.cz\/index.php\/wp-json\/wp\/v2\/pages\/2135\/revisions\/3214"}],"wp:attachment":[{"href":"https:\/\/www.dubaci.cz\/index.php\/wp-json\/wp\/v2\/media?parent=2135"}],"curies":[{"name":"wp","href":"https:\/\/api.w.org\/{rel}","templated":true}]}}