{"id":207,"date":"2015-11-18T12:31:52","date_gmt":"2015-11-18T12:31:52","guid":{"rendered":"http:\/\/www.gt3themes.com\/wordpress-themes\/geographic\/?page_id=207"},"modified":"2018-01-11T18:05:45","modified_gmt":"2018-01-11T17:05:45","slug":"invitations","status":"publish","type":"page","link":"https:\/\/www.dubaci.cz\/index.php\/invitations\/","title":{"rendered":"Pozv\u00e1nky"},"content":{"rendered":"<div class='row'><div style='padding-bottom:0px;' class='span9 first-module module_number_1 module_cont  module_blog'>\n\t\t\t\t<div class=\"blog_post_preview\">\n\t\t\t\t\t\t<div class=\"preview_content\">\n\t\t\t\t\t\t\t<div class=\"preview_top_wrapper\"><div class=\"pf_output_container\"><img decoding=\"async\" class=\"featured_image_standalone\" src=\"https:\/\/www.dubaci.cz\/wp-content\/uploads\/2019\/09\/Sobakov_2019_DSC0141-1170x780.jpg\" alt=\"\" \/><\/div>\t<div class=\"fs_blog_top standart\">\n\t\t\t\t\t\t\t\t\t<h2 class=\"preview_blog_title\"><a href=\"https:\/\/www.dubaci.cz\/index.php\/2019\/08\/15\/25-7-dny-lidove-architektury\/\">15\/8\/2020 \u2013 Sob\u00e1kovsk\u00e9 slavnosti<\/a><\/h2>\n\t\t\t\t\t\t\t\t\t<div class=\"featured_items_meta\">\n\t\t\t\t\t\t\t\t\t\t<span>15 srpna, 2019<\/span>\n\t\t\t\t\t\t\t\t\t\t<span class=\"middot\">&middot;<\/span>\n\t\t\t\t\t\t\t\t\t\t<span>  <a href=\"https:\/\/www.dubaci.cz\/index.php\/author\/petr\/\">Petr Pivo\u0148ka<\/a><\/span>\n\t\t\t\t\t\t\t\t\t\t<span class=\"middot\">&middot;<\/span>\n\t\t\t\t\t\t\t\t\t\t<span>  <a href=\"https:\/\/www.dubaci.cz\/index.php\/category\/2020\/\">2020<\/a><\/span>\n\t\t\t\t\t\t\t\t\t\t<span class=\"middot\">&middot;<\/span>\n\t\t\t\t\t\t\t\t\t\t<span><a href=\"https:\/\/www.dubaci.cz\/index.php\/2019\/08\/15\/25-7-dny-lidove-architektury\/#respond\">0 koment\u00e1\u0159\u016f<\/a><\/span>\n\t\t\t\t\t\t\t\t\t\t<span class=\"middot\">&middot;<\/span>\n\t\t\t\t\t\t\t\t\t\t\n\t\t\t\t\t\t\t\t\t\t\n\t\t\t\t\t\t\t\t\t\t<div class=\"gallery_likes_add preview_likes \" data-attachid=\"3027\" data-modify=\"like_post\">\n\t\t\t\t\t\t\t\t\t\t\t<i class=\"stand_icon icon-heart-o\"><\/i>\n\t\t\t\t\t\t\t\t\t\t\t<span>1<\/span>\n\t\t\t\t\t\t\t\t\t\t<\/div><!-- .preview_likes -->\n\t\t\t\t\t\t\t\t\t<\/div>\n\t\t\t\t\t\t\t\t<\/div>\n\t\t\t\t\t\t\t<\/div><article class=\"contentarea\">\n\t\t\t\t\t\t\t\tZveme 15. 8. do Sob\u00e1kova na vesnickou slavnost na n\u00e1vsi. T\u011b\u0161te se na skv\u011bl\u00e9 j\u00eddlo, kol\u00e1\u010de, buchty a kr\u00e1sn\u00e9 Hora\u010dky!\n\t\t\t\t\t\t\t\t<br class=\"clear\">\n\t\t\t\t\t\t\t\t<a href=\"https:\/\/www.dubaci.cz\/index.php\/2019\/08\/15\/25-7-dny-lidove-architektury\/\" class=\"preview_read_more\">\u010c\u00edst v\u00edce  &gt;<\/a>\n\t\t\t\t\t\t\t<\/article>\n\t\t\t\t\t\t<\/div>\n\t\t\t\t<\/div><!--.blog_post_preview --><\/div><!-- .module_cont --><\/div>","protected":false},"excerpt":{"rendered":"","protected":false},"author":2,"featured_media":0,"parent":0,"menu_order":0,"comment_status":"closed","ping_status":"closed","template":"","meta":{"footnotes":""},"class_list":["post-207","page","type-page","status-publish","hentry"],"_links":{"self":[{"href":"https:\/\/www.dubaci.cz\/index.php\/wp-json\/wp\/v2\/pages\/207","targetHints":{"allow":["GET"]}}],"collection":[{"href":"https:\/\/www.dubaci.cz\/index.php\/wp-json\/wp\/v2\/pages"}],"about":[{"href":"https:\/\/www.dubaci.cz\/index.php\/wp-json\/wp\/v2\/types\/page"}],"author":[{"embeddable":true,"href":"https:\/\/www.dubaci.cz\/index.php\/wp-json\/wp\/v2\/users\/2"}],"replies":[{"embeddable":true,"href":"https:\/\/www.dubaci.cz\/index.php\/wp-json\/wp\/v2\/comments?post=207"}],"version-history":[{"count":6,"href":"https:\/\/www.dubaci.cz\/index.php\/wp-json\/wp\/v2\/pages\/207\/revisions"}],"predecessor-version":[{"id":1862,"href":"https:\/\/www.dubaci.cz\/index.php\/wp-json\/wp\/v2\/pages\/207\/revisions\/1862"}],"wp:attachment":[{"href":"https:\/\/www.dubaci.cz\/index.php\/wp-json\/wp\/v2\/media?parent=207"}],"curies":[{"name":"wp","href":"https:\/\/api.w.org\/{rel}","templated":true}]}}

Pozvánky

<div class='row'><div style='padding-bottom:0px;' class='span9 first-module module_number_1 module_cont  module_blog'>
				<div class="blog_post_preview">
						<div class="preview_content">
							<div class="preview_top_wrapper"><div class="pf_output_container"><img decoding="async" class="featured_image_standalone" src="https://www.dubaci.cz/wp-content/uploads/2019/09/Sobakov_2019_DSC0141-1170x780.jpg" alt="" /></div>	<div class="fs_blog_top standart">
									<h2 class="preview_blog_title"><a href="https://www.dubaci.cz/index.php/2019/08/15/25-7-dny-lidove-architektury/">15/8/2020 – Sobákovské slavnosti</a></h2>
									<div class="featured_items_meta">
										<span>15 srpna, 2019</span>
										<span class="middot">&middot;</span>
										<span>  <a href="https://www.dubaci.cz/index.php/author/petr/">Petr Pivoňka</a></span>
										<span class="middot">&middot;</span>
										<span>  <a href="https://www.dubaci.cz/index.php/category/2020/">2020</a></span>
										<span class="middot">&middot;</span>
										<span><a href="https://www.dubaci.cz/index.php/2019/08/15/25-7-dny-lidove-architektury/#respond">0 komentářů</a></span>
										<span class="middot">&middot;</span>
										
										
										<div class="gallery_likes_add preview_likes " data-attachid="3027" data-modify="like_post">
											<i class="stand_icon icon-heart-o"></i>
											<span>1</span>
										</div><!-- .preview_likes -->
									</div>
								</div>
							</div><article class="contentarea">
								Zveme 15. 8. do Sobákova na vesnickou slavnost na návsi. Těšte se na skvělé jídlo, koláče, buchty a krásné Horačky!
								<br class="clear">
								<a href="https://www.dubaci.cz/index.php/2019/08/15/25-7-dny-lidove-architektury/" class="preview_read_more">Číst více  &gt;</a>
							</article>
						</div>
				</div><!--.blog_post_preview --></div><!-- .module_cont --></div>
